{"id":2282,"date":"2021-11-16T13:30:50","date_gmt":"2021-11-16T10:30:50","guid":{"rendered":"http:\/\/kadg.lt\/?page_id=2282"},"modified":"2021-12-03T12:02:27","modified_gmt":"2021-12-03T09:02:27","slug":"nuotolinis-mokymas","status":"publish","type":"page","link":"https:\/\/kadg.lt\/index.php\/nuotolinis-mokymas\/","title":{"rendered":"Nuotolinis mokymas"},"content":{"rendered":"\t\t<div data-elementor-type=\"wp-page\" data-elementor-id=\"2282\" class=\"elementor elementor-2282\">\n\t\t\t\t\t\t<section class=\"elementor-section elementor-top-section elementor-element elementor-element-cec8315 elementor-section-boxed elementor-section-height-default elementor-section-height-default\" data-id=\"cec8315\" data-element_type=\"section\">\r\n\t\t\r\n\t\t\t\t\t\t\t<div class=\"elementor-container elementor-column-gap-default\">\r\n\t\t\t\t\t\t\t\t\t\t\t<div class=\"elementor-column elementor-col-100 elementor-top-column elementor-element elementor-element-2848cdc\" data-id=\"2848cdc\" data-element_type=\"column\">\r\n\t\t\t\t\t<div class=\"elementor-widget-wrap elementor-element-populated\">\r\n\t\t\t\t\t\t\t\t<div class=\"elementor-element elementor-element-7c89970 elementor-widget elementor-widget-text-editor\" data-id=\"7c89970\" data-element_type=\"widget\" data-widget_type=\"text-editor.default\">\n\t\t\t\t<div class=\"elementor-widget-container\">\n\t\t\t\t\t\t\t\t\t<p><span style=\"font-size: 17px;\">Gerbiama Gimnazijos bendruomene,<\/span><\/p><p>pablog\u0117jus situacijai Lietuvoje ir paskelbus nuotolin\u012f mokym\u0105, jis vyks pagal 2021-2022 m.m \u00a0tvarkara\u0161t\u012f. \u00a0Nuotolinis mokymas vyks Microsoft Office 365 aplinkoje esan\u010dioje TEAMS program\u0117l\u0117je. Jei mokiniui kils sunkum\u0173 prisijungti \u00a0prie Office 365 aplinkos \u2013 gal\u0117site susisiekti su savo klas\u0117s aukl\u0117toja (ar pradinio ugdymo mokytoja) arba kreipsit\u0117s \u012f IKT administratori\u0173, arba direktor\u0117s pavaduotoj\u0105 menui Aurelij\u0105 Misi\u016bnien\u0119.<\/p><p>Nuotolinio mokymosi metu Mano dienynas ir Office 365 aplinka taps pagrindine mokyklos ir \u0161eimos bendravimo platforma. Labai pra\u0161ome sekti mokyklos svetain\u0117je pateikiam\u0105 informacij\u0105, \u017einutes Mano dienyne, Office 365 aplinkoje ir aktyviai bendradarbiauti su mokytojais ir mokyklos administracija. Kad nuotolinis mokymasis vykt\u0173 skland\u017eiai, reikia vis\u0173 m\u016bs\u0173 pastang\u0173. Tegu \u0161is i\u0161\u0161\u016bkis sutelks mus ir mes skland\u017eiai \u012fsitrauksim \u012f nuotolinio mokymo veiklas. \u00a0<\/p><p>Direktor\u0117\u00a0 tel.: 8 37 407085;<\/p><p>Direktor\u0117s pavaduotoja bendrajam ugdymui 8 684 20526;<\/p><p>Direktor\u0117s pavaduotoja menui 8 674 17720;<\/p><p>Direktor\u0117s pavaduotojas admininstracijai ir \u016bkiui 8 37 407092;<\/p><p>Informacini\u0173 technologij\u0173 sistem\u0173 administratorius, tel. 861426680.<\/p><ul><li>Psichologo \u2013 psichologas@kadg.lt<\/li><li>Socialinio pedagogo \u2013 soc.pedagogas@kadg.lt<\/li><\/ul><p>\u00a0<\/p><p><a href=\"https:\/\/padesimprisijungti.lt\/\">Pagalba moksleiviams nuotolinio mokymo metu \u201ePad\u0117sim prisijungti \u201c (padesimprisijungti.lt)<\/a><\/p><p><a href=\"https:\/\/www.emokykla.lt\/upload\/EMOKYKLA\/Nuotolinis\/nuotolinio_vadovas\/Hibridinis%20mokymas.pdf\">Hibridinis mokymas.pdf (emokykla.lt)<\/a><\/p><p><a href=\"https:\/\/www.emokykla.lt\/upload\/nuotolinis\/Nuotolinio%20mokymo%20Vadovas_3.pdf\">Nuotolinio mokymo Vadovas_3.pdf (emokykla.lt)<\/a><\/p><p>\u00a0<\/p>\t\t\t\t\t\t\t\t<\/div>\n\t\t\t\t<\/div>\n\t\t\t\t\t<\/div>\r\n\t\t\t\t<\/div>\r\n\t\t\t\t\t<\/div>\r\n\t\t\t\t<\/section>\r\n\t\t\t\t<section class=\"elementor-section elementor-top-section elementor-element elementor-element-beb6128 elementor-section-boxed elementor-section-height-default elementor-section-height-default\" data-id=\"beb6128\" data-element_type=\"section\">\r\n\t\t\r\n\t\t\t\t\t\t\t<div class=\"elementor-container elementor-column-gap-default\">\r\n\t\t\t\t\t\t\t\t\t\t\t<div class=\"elementor-column elementor-col-33 elementor-top-column elementor-element elementor-element-fba3350\" data-id=\"fba3350\" data-element_type=\"column\">\r\n\t\t\t\t\t<div class=\"elementor-widget-wrap elementor-element-populated\">\r\n\t\t\t\t\t\t\t\t<div class=\"elementor-element elementor-element-0be8701 elementor-widget elementor-widget-text-editor\" data-id=\"0be8701\" data-element_type=\"widget\" data-widget_type=\"text-editor.default\">\n\t\t\t\t<div class=\"elementor-widget-container\">\n\t\t\t\t\t\t\t\t\t<h3>E-dienynas<\/h3><div><div><p><a href=\"https:\/\/www.manodienynas.lt\/\" target=\"_blank\" rel=\"noopener\"><img decoding=\"async\" class=\"alignnone wp-image-1509\" src=\"https:\/\/kadg.lt\/wp-content\/uploads\/2021\/08\/new-logo-300x61.png\" alt=\"KDG dienynas\" width=\"157\" height=\"32\" \/><\/a><\/p><p><a href=\"https:\/\/www.manodienynas.lt\/\" target=\"_blank\" rel=\"noopener noreferrer\">Prisijungimas prie gimnazijos e-dienyno<\/a><\/p><\/div><\/div>\t\t\t\t\t\t\t\t<\/div>\n\t\t\t\t<\/div>\n\t\t\t\t\t<\/div>\r\n\t\t\t\t<\/div>\r\n\t\t\t\t<div class=\"elementor-column elementor-col-33 elementor-top-column elementor-element elementor-element-00a960e\" data-id=\"00a960e\" data-element_type=\"column\">\r\n\t\t\t\t\t<div class=\"elementor-widget-wrap elementor-element-populated\">\r\n\t\t\t\t\t\t\t\t<div class=\"elementor-element elementor-element-6bf9e6e elementor-widget elementor-widget-text-editor\" data-id=\"6bf9e6e\" data-element_type=\"widget\" data-widget_type=\"text-editor.default\">\n\t\t\t\t<div class=\"elementor-widget-container\">\n\t\t\t\t\t\t\t\t\t<p>\u00a0<\/p><p><a href=\"http:\/\/kdg.kaunas.lm.lt\/\" target=\"_blank\" rel=\"noopener\"><img decoding=\"async\" class=\"alignnone wp-image-1598 size-full\" src=\"https:\/\/kadg.lt\/wp-content\/uploads\/2021\/08\/MoodleLogo_TrademarkTM_UseonBlack_RGB-e1629979205737.png\" alt=\"\" width=\"200\" height=\"49\" \/><\/a><\/p><p><a href=\"http:\/\/kdg.kaunas.lm.lt\" target=\"_blank\" rel=\"noopener\">KDG virtuali mokym\u0173 aplinka<\/a><\/p>\t\t\t\t\t\t\t\t<\/div>\n\t\t\t\t<\/div>\n\t\t\t\t\t<\/div>\r\n\t\t\t\t<\/div>\r\n\t\t\t\t<div class=\"elementor-column elementor-col-33 elementor-top-column elementor-element elementor-element-7f9d603\" data-id=\"7f9d603\" data-element_type=\"column\">\r\n\t\t\t\t\t<div class=\"elementor-widget-wrap elementor-element-populated\">\r\n\t\t\t\t\t\t\t\t<div class=\"elementor-element elementor-element-6dd0cac elementor-widget elementor-widget-text-editor\" data-id=\"6dd0cac\" data-element_type=\"widget\" data-widget_type=\"text-editor.default\">\n\t\t\t\t<div class=\"elementor-widget-container\">\n\t\t\t\t\t\t\t\t\t<h2 class=\" b_entityTitle\" style=\"text-align: left;\"><span style=\"font-size: 18px; color: #000000;\">Microsoft Teams<\/span><\/h2><h2 class=\" b_entityTitle\" style=\"text-align: left;\"><img decoding=\"async\" class=\"alignleft\" src=\"https:\/\/download.logo.wine\/logo\/Microsoft_Teams\/Microsoft_Teams-Logo.wine.png\" alt=\"See the source image\" width=\"165\" height=\"110\" \/><\/h2><p>\u00a0<\/p><p>\u00a0<\/p><p>\u00a0<\/p><p><a href=\"https:\/\/portal.office.com\">https:\/\/portal.office.com<\/a><\/p><\/div><\/div><\/div><\/div><\/div><\/section><\/div> <a href=\"https:\/\/kadg.lt\/index.php\/nuotolinis-mokymas\/#more-2282\" class=\"more-link elementor-more-link\"><span aria-label=\"Continue reading Nuotolinis mokymas\">(more&hellip;)<\/span><\/a>","protected":false},"excerpt":{"rendered":"<p>Gerbiama Gimnazijos bendruomene, pablog\u0117jus situacijai Lietuvoje ir paskelbus nuotolin\u012f mokym\u0105, jis vyks pagal 2021-2022 m.m \u00a0tvarkara\u0161t\u012f. \u00a0Nuotolinis mokymas vyks Microsoft Office 365 aplinkoje esan\u010dioje TEAMS program\u0117l\u0117je. Jei mokiniui kils sunkum\u0173 prisijungti \u00a0prie Office 365 aplinkos \u2013 gal\u0117site susisiekti su savo klas\u0117s aukl\u0117toja (ar pradinio ugdymo mokytoja) arba kreipsit\u0117s \u012f IKT administratori\u0173, arba direktor\u0117s pavaduotoj\u0105 menui [&hellip;]<\/p>\n","protected":false},"author":2,"featured_media":0,"parent":0,"menu_order":0,"comment_status":"closed","ping_status":"closed","template":"","meta":{"footnotes":""},"class_list":["post-2282","page","type-page","status-publish","hentry"],"_links":{"self":[{"href":"https:\/\/kadg.lt\/index.php\/wp-json\/wp\/v2\/pages\/2282","targetHints":{"allow":["GET"]}}],"collection":[{"href":"https:\/\/kadg.lt\/index.php\/wp-json\/wp\/v2\/pages"}],"about":[{"href":"https:\/\/kadg.lt\/index.php\/wp-json\/wp\/v2\/types\/page"}],"author":[{"embeddable":true,"href":"https:\/\/kadg.lt\/index.php\/wp-json\/wp\/v2\/users\/2"}],"replies":[{"embeddable":true,"href":"https:\/\/kadg.lt\/index.php\/wp-json\/wp\/v2\/comments?post=2282"}],"version-history":[{"count":112,"href":"https:\/\/kadg.lt\/index.php\/wp-json\/wp\/v2\/pages\/2282\/revisions"}],"predecessor-version":[{"id":2520,"href":"https:\/\/kadg.lt\/index.php\/wp-json\/wp\/v2\/pages\/2282\/revisions\/2520"}],"wp:attachment":[{"href":"https:\/\/kadg.lt\/index.php\/wp-json\/wp\/v2\/media?parent=2282"}],"curies":[{"name":"wp","href":"https:\/\/api.w.org\/{rel}","templated":true}]}}