{"id":5107,"date":"2023-11-29T10:44:22","date_gmt":"2023-11-29T07:44:22","guid":{"rendered":"https:\/\/kadg.lt\/?page_id=5107"},"modified":"2023-11-29T12:23:11","modified_gmt":"2023-11-29T09:23:11","slug":"pagrindiniai-dokumentai-reglamentuojantys-gimnazijos-veikla","status":"publish","type":"page","link":"https:\/\/kadg.lt\/index.php\/pagrindiniai-dokumentai-reglamentuojantys-gimnazijos-veikla\/","title":{"rendered":"Pagrindiniai dokumentai reglamentuojantys gimnazijos veikl\u0105"},"content":{"rendered":"\t\t<div data-elementor-type=\"wp-page\" data-elementor-id=\"5107\" class=\"elementor elementor-5107\">\n\t\t\t\t\t\t<section class=\"elementor-section elementor-top-section elementor-element elementor-element-b2beead elementor-section-boxed elementor-section-height-default elementor-section-height-default\" data-id=\"b2beead\" data-element_type=\"section\">\r\n\t\t\r\n\t\t\t\t\t\t\t<div class=\"elementor-container elementor-column-gap-default\">\r\n\t\t\t\t\t\t\t\t\t\t\t<div class=\"elementor-column elementor-col-100 elementor-top-column elementor-element elementor-element-ec6d5b9\" data-id=\"ec6d5b9\" data-element_type=\"column\">\r\n\t\t\t\t\t<div class=\"elementor-widget-wrap elementor-element-populated\">\r\n\t\t\t\t\t\t\t\t<div class=\"elementor-element elementor-element-df7cbf7 elementor-widget elementor-widget-text-editor\" data-id=\"df7cbf7\" data-element_type=\"widget\" data-widget_type=\"text-editor.default\">\n\t\t\t\t<div class=\"elementor-widget-container\">\n\t\t\t\t\t\t\t\t\t<ul style=\"list-style-type: disc;\"><li><a href=\"https:\/\/www.e-tar.lt\/portal\/lt\/legalAct\/TAR.47BB952431DA\">Lietuvos Respublikos konstitucija<\/a><\/li><li>L<a href=\"https:\/\/www.e-tar.lt\/portal\/lt\/legalAct\/f6d686707e7011e6b969d7ae07280e89\/asr\">ietuvos Respublikos darbo kodeksas<\/a><\/li><li><a href=\"https:\/\/e-seimas.lrs.lt\/portal\/legalAct\/lt\/TAD\/TAIS.107687\/asr\">Lietuvos Respublikos civilinis kodeksas<\/a><\/li><li><a href=\"https:\/\/e-seimas.lrs.lt\/portal\/legalAct\/lt\/TAD\/TAIS.395105\/ZPzOxUEnvH\">Lietuvos Respublikos \u0161vietimo \u012fstatymas<\/a><\/li><li><a href=\"https:\/\/e-seimas.lrs.lt\/portal\/legalAct\/lt\/TAD\/TAIS.364294\">Lietuvos Respublikos biud\u017eetini\u0173 \u012fstaig\u0173 \u012fstatymas<\/a><\/li><li><a href=\"https:\/\/e-seimas.lrs.lt\/portal\/legalAct\/lt\/TAD\/TAIS.343430\/asr\">Lietuvos Respublikos mokslo ir studij\u0173 \u012fstatymas<\/a><\/li><li><a href=\"https:\/\/e-seimas.lrs.lt\/portal\/legalAct\/lt\/TAD\/TAIS.343430\/asr\">Lietuvos Respublikos mokslo ir studij\u0173 \u012fstatymas<\/a><\/li><li><a href=\"https:\/\/e-seimas.lrs.lt\/portal\/legalAct\/lt\/TAD\/TAIS.26397\/asr\">Lietuvos Respublikos vaiko teisi\u0173 apsaugos pagrind\u0173 \u012fstatymas<\/a><\/li><li><a href=\"https:\/\/www.e-tar.lt\/portal\/lt\/legalAct\/70593dd04a7311e6b5d09300a16a686c\">Lietuvos Respublikos vaiko minimalios ir vidutin\u0117s prie\u017ei\u016bros \u012fstatymas<\/a><\/li><li><a href=\"https:\/\/www.e-tar.lt\/portal\/lt\/legalAct\/ff02b070087d11e79ba1ee3112ade9bc\">Lietuvos Respublikos sveikatos apsaugos ministro \u012fsakymas &#8222;D\u0117l Lietuvos higienos normos HN 21:2017 &#8222;Mokykla, vykdanti bendrojo ugdymo programas. Bendrieji sveikatos saugos reikalavimai&#8221; patvirtinimo&#8221;<\/a><\/li><li><a href=\"https:\/\/www.e-tar.lt\/portal\/lt\/legalAct\/2d8b78b0e79411e68503b67e3b82e8bd\/asr\">Lietuvos Respublikos valstyb\u0117s ir savivaldybi\u0173 \u012fstaig\u0173 darbuotoj\u0173 darbo apmok\u0117jimo \u012fstatymas<\/a><\/li><li><a href=\"https:\/\/e-seimas.lrs.lt\/portal\/legalAct\/lt\/TAD\/TAIS.19848\">Vaiko teisi\u0173 konvencija<\/a><\/li><li><a href=\"https:\/\/smsm.lrv.lt\/web\/lt\/teisine-reguliavimo-stebesena\">Teisin\u0117 reguliavimo steb\u0117sena<\/a><\/li><\/ul><p>\u00a0<\/p>\t\t\t\t\t\t\t\t<\/div>\n\t\t\t\t<\/div>\n\t\t\t\t\t<\/div>\r\n\t\t\t\t<\/div>\r\n\t\t\t\t\t<\/div>\r\n\t\t\t\t<\/section>\r\n\t\t\t\t<\/div>\n\t\t","protected":false},"excerpt":{"rendered":"<p>Lietuvos Respublikos konstitucija Lietuvos Respublikos darbo kodeksas Lietuvos Respublikos civilinis kodeksas Lietuvos Respublikos \u0161vietimo \u012fstatymas Lietuvos Respublikos biud\u017eetini\u0173 \u012fstaig\u0173 \u012fstatymas Lietuvos Respublikos mokslo ir studij\u0173 \u012fstatymas Lietuvos Respublikos mokslo ir studij\u0173 \u012fstatymas Lietuvos Respublikos vaiko teisi\u0173 apsaugos pagrind\u0173 \u012fstatymas Lietuvos Respublikos vaiko minimalios ir vidutin\u0117s prie\u017ei\u016bros \u012fstatymas Lietuvos Respublikos sveikatos apsaugos ministro \u012fsakymas &#8222;D\u0117l Lietuvos [&hellip;]<\/p>\n","protected":false},"author":2,"featured_media":0,"parent":0,"menu_order":0,"comment_status":"closed","ping_status":"closed","template":"","meta":{"footnotes":""},"class_list":["post-5107","page","type-page","status-publish","hentry"],"_links":{"self":[{"href":"https:\/\/kadg.lt\/index.php\/wp-json\/wp\/v2\/pages\/5107","targetHints":{"allow":["GET"]}}],"collection":[{"href":"https:\/\/kadg.lt\/index.php\/wp-json\/wp\/v2\/pages"}],"about":[{"href":"https:\/\/kadg.lt\/index.php\/wp-json\/wp\/v2\/types\/page"}],"author":[{"embeddable":true,"href":"https:\/\/kadg.lt\/index.php\/wp-json\/wp\/v2\/users\/2"}],"replies":[{"embeddable":true,"href":"https:\/\/kadg.lt\/index.php\/wp-json\/wp\/v2\/comments?post=5107"}],"version-history":[{"count":10,"href":"https:\/\/kadg.lt\/index.php\/wp-json\/wp\/v2\/pages\/5107\/revisions"}],"predecessor-version":[{"id":5120,"href":"https:\/\/kadg.lt\/index.php\/wp-json\/wp\/v2\/pages\/5107\/revisions\/5120"}],"wp:attachment":[{"href":"https:\/\/kadg.lt\/index.php\/wp-json\/wp\/v2\/media?parent=5107"}],"curies":[{"name":"wp","href":"https:\/\/api.w.org\/{rel}","templated":true}]}}