{"id":5154,"date":"2023-11-30T15:48:01","date_gmt":"2023-11-30T12:48:01","guid":{"rendered":"https:\/\/kadg.lt\/?page_id=5154"},"modified":"2024-03-29T14:34:35","modified_gmt":"2024-03-29T11:34:35","slug":"psichologas","status":"publish","type":"page","link":"https:\/\/kadg.lt\/index.php\/psichologas\/","title":{"rendered":"Psichologas"},"content":{"rendered":"\t\t<div data-elementor-type=\"wp-page\" data-elementor-id=\"5154\" class=\"elementor elementor-5154\">\n\t\t\t\t\t\t<section class=\"elementor-section elementor-top-section elementor-element elementor-element-fdcba14 elementor-section-boxed elementor-section-height-default elementor-section-height-default\" data-id=\"fdcba14\" data-element_type=\"section\">\r\n\t\t\r\n\t\t\t\t\t\t\t<div class=\"elementor-container elementor-column-gap-default\">\r\n\t\t\t\t\t\t\t\t\t\t\t<div class=\"elementor-column elementor-col-100 elementor-top-column elementor-element elementor-element-f39bb37\" data-id=\"f39bb37\" data-element_type=\"column\">\r\n\t\t\t\t\t<div class=\"elementor-widget-wrap elementor-element-populated\">\r\n\t\t\t\t\t\t\t\t<div class=\"elementor-element elementor-element-9ac1fc5 elementor-widget elementor-widget-text-editor\" data-id=\"9ac1fc5\" data-element_type=\"widget\" data-widget_type=\"text-editor.default\">\n\t\t\t\t<div class=\"elementor-widget-container\">\n\t\t\t\t\t\t\t\t\t<p>Gimnazijos psichologo darbo tikslas \u2013 r\u016bpintis gimnazijos bendruomen\u0117s psichine sveikata ir reikaling\u0173 psichologini\u0173 ugdymo s\u0105lyg\u0173 sudarymu.<\/p><h1><strong><span style=\"font-size: 20px;\">Psichologo veikla<\/span><\/strong><\/h1><p>\u2013 Konsultuoja mokinius, j\u0173 t\u0117vus (glob\u0117jus, r\u016bpintojus), mokytojus psichologini\u0173, asmenyb\u0117s ir ugdymosi problem\u0173 sprendimo klausimais \u2013 Konsultuoja mokinius profesijos pasirinkimo klausimais \u2013 \u0160vie\u010dia mokyklos bendruomen\u0119 vaiko raidos psichologijos, pedagogin\u0117s ir socialin\u0117s psichologijos klausimais \u2013 Rengia individualias rekomendacijas mokinio psichologin\u0117ms, asmenyb\u0117s ir ugdymosi problemoms spr\u0119sti \u2013 \u012evertina mokinio galias ir sunkumus, raidos ypatumus, psichologines, asmenyb\u0117s ir ugdymosi problemas \u2013 Atlieka aktualius mokykloje psichologinius tyrimus atsi\u017evelgdama \u012f mokyklos bendruomen\u0117s poreikius \u2013 Renka ir kaupia informacij\u0105, reikaling\u0105 konsultuojam\u0173 mokini\u0173 problemoms spr\u0119sti \u2013 Atlieka mokini\u0173 veiklos ir elgesio pamokose steb\u0117jim\u0105 \u2013 Bendradarbiauja su mokytojais, klasi\u0173 aukl\u0117tojais, pagalbos mokiniui specialistais, gimnazijos administracija, numatant ugdymo tiksl\u0173 ir u\u017edavini\u0173 pasiekimo b\u016bdus, yra mokyklos Vaiko Gerov\u0117s komisijos nar\u0117 \u2013 Palaiko ry\u0161ius su \u012fvairiomis institucijomis, teikian\u010diomis psichologin\u0119, socialin\u0119 ir teisin\u0119 pagalb\u0105 \u2013 Organizuoja ir \u012fgyvendina prevencines priemones bei programas.<\/p><h1><strong><span style=\"font-size: 20px;\">Kada eiti pas psicholog\u0105?<\/span><\/strong><\/h1><p>\u2013 kai pasijunti vieni\u0161as, nesuprastas \u2013 kai nesutari su tau svarbiais \u017emon\u0117mis \u2013 kai tr\u016bksta pasitik\u0117jimo savimi \u2013 kai suabejoji gyvenimo prasme, kyla min\u010di\u0173 apie savi\u017eudyb\u0119 \u2013 kai patyri rimt\u0173 sukr\u0117tim\u0173 (avarija, artim\u0173j\u0173 netektis, smurtas, t\u0117v\u0173 skyrybos) \u2013 kai ka\u017eko labai nerimauji, bijai \u2013 kai nebenori mokytis \u2013 kai nori labiau pa\u017einti save \u2013 kai ne\u017einai, kokia profesija Tau labiausiai tikt\u0173 \u2013 kai turi klausim\u0173 ir n\u0117ra su kuo pasitarti.<\/p><p><strong>Gimnazijos psicholog\u0117 &#8211; Oksana \u010cekavi\u010dien\u0117<\/strong><strong> el. pa\u0161tas: oksana.cekaviciene@kadg.lt <\/strong><\/p><p><strong>tel. nr.: +370 603 30609<br \/><\/strong><\/p><h1><span style=\"font-size: 20px;\">\u00a0<\/span><\/h1>\t\t\t\t\t\t\t\t<\/div>\n\t\t\t\t<\/div>\n\t\t\t\t\t<\/div>\r\n\t\t\t\t<\/div>\r\n\t\t\t\t\t<\/div>\r\n\t\t\t\t<\/section>\r\n\t\t\t\t<\/div>\n\t\t","protected":false},"excerpt":{"rendered":"<p>Gimnazijos psichologo darbo tikslas \u2013 r\u016bpintis gimnazijos bendruomen\u0117s psichine sveikata ir reikaling\u0173 psichologini\u0173 ugdymo s\u0105lyg\u0173 sudarymu. Psichologo veikla \u2013 Konsultuoja mokinius, j\u0173 t\u0117vus (glob\u0117jus, r\u016bpintojus), mokytojus psichologini\u0173, asmenyb\u0117s ir ugdymosi problem\u0173 sprendimo klausimais \u2013 Konsultuoja mokinius profesijos pasirinkimo klausimais \u2013 \u0160vie\u010dia mokyklos bendruomen\u0119 vaiko raidos psichologijos, pedagogin\u0117s ir socialin\u0117s psichologijos klausimais \u2013 Rengia individualias rekomendacijas [&hellip;]<\/p>\n","protected":false},"author":2,"featured_media":0,"parent":0,"menu_order":0,"comment_status":"closed","ping_status":"closed","template":"","meta":{"footnotes":""},"class_list":["post-5154","page","type-page","status-publish","hentry"],"_links":{"self":[{"href":"https:\/\/kadg.lt\/index.php\/wp-json\/wp\/v2\/pages\/5154","targetHints":{"allow":["GET"]}}],"collection":[{"href":"https:\/\/kadg.lt\/index.php\/wp-json\/wp\/v2\/pages"}],"about":[{"href":"https:\/\/kadg.lt\/index.php\/wp-json\/wp\/v2\/types\/page"}],"author":[{"embeddable":true,"href":"https:\/\/kadg.lt\/index.php\/wp-json\/wp\/v2\/users\/2"}],"replies":[{"embeddable":true,"href":"https:\/\/kadg.lt\/index.php\/wp-json\/wp\/v2\/comments?post=5154"}],"version-history":[{"count":16,"href":"https:\/\/kadg.lt\/index.php\/wp-json\/wp\/v2\/pages\/5154\/revisions"}],"predecessor-version":[{"id":5765,"href":"https:\/\/kadg.lt\/index.php\/wp-json\/wp\/v2\/pages\/5154\/revisions\/5765"}],"wp:attachment":[{"href":"https:\/\/kadg.lt\/index.php\/wp-json\/wp\/v2\/media?parent=5154"}],"curies":[{"name":"wp","href":"https:\/\/api.w.org\/{rel}","templated":true}]}}