{"id":5672,"date":"2024-02-29T11:50:27","date_gmt":"2024-02-29T08:50:27","guid":{"rendered":"https:\/\/kadg.lt\/?page_id=5672"},"modified":"2025-03-12T10:43:46","modified_gmt":"2025-03-12T07:43:46","slug":"2024-m-biudzeto-vykdymo-ir-finansiniu-ataskaitu-rinkiniai","status":"publish","type":"page","link":"https:\/\/kadg.lt\/index.php\/2024-m-biudzeto-vykdymo-ir-finansiniu-ataskaitu-rinkiniai\/","title":{"rendered":"2024 m. biud\u017eeto vykdymo ir finansini\u0173 ataskait\u0173 rinkiniai"},"content":{"rendered":"\t\t<div data-elementor-type=\"wp-page\" data-elementor-id=\"5672\" class=\"elementor elementor-5672\">\n\t\t\t\t\t\t<section class=\"elementor-section elementor-top-section elementor-element elementor-element-1151a98 elementor-section-boxed elementor-section-height-default elementor-section-height-default\" data-id=\"1151a98\" data-element_type=\"section\">\r\n\t\t\r\n\t\t\t\t\t\t\t<div class=\"elementor-container elementor-column-gap-default\">\r\n\t\t\t\t\t\t\t\t\t\t\t<div class=\"elementor-column elementor-col-50 elementor-top-column elementor-element elementor-element-18b0be4\" data-id=\"18b0be4\" data-element_type=\"column\">\r\n\t\t\t\t\t<div class=\"elementor-widget-wrap elementor-element-populated\">\r\n\t\t\t\t\t\t\t\t\t<\/div>\r\n\t\t\t\t<\/div>\r\n\t\t\t\t<div class=\"elementor-column elementor-col-50 elementor-top-column elementor-element elementor-element-4be84f7\" data-id=\"4be84f7\" data-element_type=\"column\">\r\n\t\t\t\t\t<div class=\"elementor-widget-wrap elementor-element-populated\">\r\n\t\t\t\t\t\t\t\t\t<\/div>\r\n\t\t\t\t<\/div>\r\n\t\t\t\t\t<\/div>\r\n\t\t\t\t<\/section>\r\n\t\t\t\t<section class=\"elementor-section elementor-top-section elementor-element elementor-element-1b3933d elementor-section-boxed elementor-section-height-default elementor-section-height-default\" data-id=\"1b3933d\" data-element_type=\"section\">\r\n\t\t\r\n\t\t\t\t\t\t\t<div class=\"elementor-container elementor-column-gap-default\">\r\n\t\t\t\t\t\t\t\t\t\t\t<div class=\"elementor-column elementor-col-50 elementor-top-column elementor-element elementor-element-15d444c\" data-id=\"15d444c\" data-element_type=\"column\">\r\n\t\t\t\t\t<div class=\"elementor-widget-wrap elementor-element-populated\">\r\n\t\t\t\t\t\t\t\t<div class=\"elementor-element elementor-element-35b6bab elementor-widget elementor-widget-text-editor\" data-id=\"35b6bab\" data-element_type=\"widget\" data-widget_type=\"text-editor.default\">\n\t\t\t\t<div class=\"elementor-widget-container\">\n\t\t\t\t\t\t\t\t\t<p><a href=\"https:\/\/kadg.lt\/wp-content\/uploads\/2025\/03\/2024-metu-biudzeto-vykdymo-ataskaitu-rinkinys.pdf\">2024 met\u0173 biud\u017eeto vykdymo ataskait\u0173 rinkinys<\/a><\/p><p><a href=\"https:\/\/kadg.lt\/wp-content\/uploads\/2025\/03\/2024-metu-III-ketvircio-biudzeto-vykdymo-ataskaitu-rinkinys.pdf\">2024 met\u0173 III ketvir\u010dio biud\u017eeto vykdymo ataskait\u0173 rinkinys<\/a><\/p><p><a href=\"https:\/\/kadg.lt\/wp-content\/uploads\/2024\/11\/2024-metu-II-ketvircio-biudzeto-vykdymo-ataskaitu-rinkinys.pdf\">2024 met\u0173 II ketvir\u010dio biud\u017eeto vykdymo ataskait\u0173 rinkinys<\/a><\/p><p><a href=\"https:\/\/kadg.lt\/wp-content\/uploads\/2024\/05\/2024-metu-I-ketvircio-biudzeto-vykdymo-ataskaitu-rinkinys.pdf\">2024 met\u0173 I ketvir\u010dio biud\u017eeto vykdymo ataskait\u0173 rinkinys<\/a><\/p><p>\u00a0<\/p>\t\t\t\t\t\t\t\t<\/div>\n\t\t\t\t<\/div>\n\t\t\t\t\t<\/div>\r\n\t\t\t\t<\/div>\r\n\t\t\t\t<div class=\"elementor-column elementor-col-50 elementor-top-column elementor-element elementor-element-e6ae1b3\" data-id=\"e6ae1b3\" data-element_type=\"column\">\r\n\t\t\t\t\t<div class=\"elementor-widget-wrap elementor-element-populated\">\r\n\t\t\t\t\t\t\t\t<div class=\"elementor-element elementor-element-eb31b58 elementor-widget elementor-widget-text-editor\" data-id=\"eb31b58\" data-element_type=\"widget\" data-widget_type=\"text-editor.default\">\n\t\t\t\t<div class=\"elementor-widget-container\">\n\t\t\t\t\t\t\t\t\t<p><a href=\"https:\/\/kadg.lt\/wp-content\/uploads\/2025\/03\/2024-metu-finansiniu-ataskaitu-rinkinys.pdf\">2024 met\u0173 finansini\u0173 ataskait\u0173 rinkinys<\/a><\/p><p><a href=\"https:\/\/kadg.lt\/wp-content\/uploads\/2025\/03\/2024-metu-III-ketvircio-finansiniu-ataskaitu-rinkinys.pdf\">2024 met\u0173 III ketvir\u010dio finansini\u0173 ataskait\u0173 rinkinys<\/a><\/p><p><a href=\"https:\/\/kadg.lt\/wp-content\/uploads\/2024\/09\/2024-metu-II-ketvircio-finansiniu-ataskaitu-rinkinys.pdf\">2024 met\u0173 II ketvir\u010dio finansini\u0173 ataskait\u0173 rinkinys<\/a><\/p><p><a href=\"https:\/\/kadg.lt\/wp-content\/uploads\/2024\/05\/2024-metu-I-ketvircio-finansiniu-ataskaitu-rinkinys.pdf\">2024 met\u0173 I ketvir\u010dio finansini\u0173 ataskait\u0173 rinkinys<\/a><\/p>\t\t\t\t\t\t\t\t<\/div>\n\t\t\t\t<\/div>\n\t\t\t\t\t<\/div>\r\n\t\t\t\t<\/div>\r\n\t\t\t\t\t<\/div>\r\n\t\t\t\t<\/section>\r\n\t\t\t\t<\/div>\n\t\t","protected":false},"excerpt":{"rendered":"<p>2024 met\u0173 biud\u017eeto vykdymo ataskait\u0173 rinkinys 2024 met\u0173 III ketvir\u010dio biud\u017eeto vykdymo ataskait\u0173 rinkinys 2024 met\u0173 II ketvir\u010dio biud\u017eeto vykdymo ataskait\u0173 rinkinys 2024 met\u0173 I ketvir\u010dio biud\u017eeto vykdymo ataskait\u0173 rinkinys \u00a0 2024 met\u0173 finansini\u0173 ataskait\u0173 rinkinys 2024 met\u0173 III ketvir\u010dio finansini\u0173 ataskait\u0173 rinkinys 2024 met\u0173 II ketvir\u010dio finansini\u0173 ataskait\u0173 rinkinys 2024 met\u0173 I ketvir\u010dio finansini\u0173 [&hellip;]<\/p>\n","protected":false},"author":2,"featured_media":0,"parent":0,"menu_order":0,"comment_status":"closed","ping_status":"closed","template":"","meta":{"footnotes":""},"class_list":["post-5672","page","type-page","status-publish","hentry"],"_links":{"self":[{"href":"https:\/\/kadg.lt\/index.php\/wp-json\/wp\/v2\/pages\/5672","targetHints":{"allow":["GET"]}}],"collection":[{"href":"https:\/\/kadg.lt\/index.php\/wp-json\/wp\/v2\/pages"}],"about":[{"href":"https:\/\/kadg.lt\/index.php\/wp-json\/wp\/v2\/types\/page"}],"author":[{"embeddable":true,"href":"https:\/\/kadg.lt\/index.php\/wp-json\/wp\/v2\/users\/2"}],"replies":[{"embeddable":true,"href":"https:\/\/kadg.lt\/index.php\/wp-json\/wp\/v2\/comments?post=5672"}],"version-history":[{"count":19,"href":"https:\/\/kadg.lt\/index.php\/wp-json\/wp\/v2\/pages\/5672\/revisions"}],"predecessor-version":[{"id":7335,"href":"https:\/\/kadg.lt\/index.php\/wp-json\/wp\/v2\/pages\/5672\/revisions\/7335"}],"wp:attachment":[{"href":"https:\/\/kadg.lt\/index.php\/wp-json\/wp\/v2\/media?parent=5672"}],"curies":[{"name":"wp","href":"https:\/\/api.w.org\/{rel}","templated":true}]}}