{"id":7691,"date":"2025-09-10T10:36:07","date_gmt":"2025-09-10T07:36:07","guid":{"rendered":"https:\/\/kadg.lt\/?page_id=7691"},"modified":"2026-03-18T12:47:35","modified_gmt":"2026-03-18T09:47:35","slug":"2025-m-biudzeto-vykdymo-ir-finansiniu-ataskaitu-rinkiniai","status":"publish","type":"page","link":"https:\/\/kadg.lt\/index.php\/2025-m-biudzeto-vykdymo-ir-finansiniu-ataskaitu-rinkiniai\/","title":{"rendered":"2025 m. biud\u017eeto vykdymo ir finansini\u0173 ataskait\u0173 rinkiniai"},"content":{"rendered":"\t\t<div data-elementor-type=\"wp-page\" data-elementor-id=\"7691\" class=\"elementor elementor-7691\">\n\t\t\t\t\t\t<section class=\"elementor-section elementor-top-section elementor-element elementor-element-29fa8ff elementor-section-boxed elementor-section-height-default elementor-section-height-default\" data-id=\"29fa8ff\" data-element_type=\"section\">\r\n\t\t\r\n\t\t\t\t\t\t\t<div class=\"elementor-container elementor-column-gap-default\">\r\n\t\t\t\t\t\t\t\t\t\t\t<div class=\"elementor-column elementor-col-50 elementor-top-column elementor-element elementor-element-e7dbe34\" data-id=\"e7dbe34\" data-element_type=\"column\">\r\n\t\t\t\t\t<div class=\"elementor-widget-wrap elementor-element-populated\">\r\n\t\t\t\t\t\t\t\t<div class=\"elementor-element elementor-element-9f82a32 elementor-widget elementor-widget-text-editor\" data-id=\"9f82a32\" data-element_type=\"widget\" data-widget_type=\"text-editor.default\">\n\t\t\t\t<div class=\"elementor-widget-container\">\n\t\t\t\t\t\t\t\t\t<p><a href=\"https:\/\/kadg.lt\/wp-content\/uploads\/2026\/03\/2025-m.-metinis-biudzeto-vykdymo-ataskaitu-rinkinys.pdf\">2025 m. metinis biud\u017eeto vykdymo ataskait\u0173 rinkinys<\/a><\/p><p><a href=\"https:\/\/kadg.lt\/wp-content\/uploads\/2025\/12\/2025-metu-III-ketvircio-biudzeto-vykdymo-ataskaitu-rinkinys.pdf\">2025 met\u0173 III ketvir\u010dio biud\u017eeto vykdymo ataskait\u0173 rinkinys<\/a>\u00a0<\/p><p><a href=\"https:\/\/kadg.lt\/wp-content\/uploads\/2025\/09\/2025-metu-II-ketvircio-biudzeto-vykdymo-ataskaitu-rinkinys.pdf\">2025 met\u0173 II ketvir\u010dio biud\u017eeto vykdymo ataskait\u0173 rinkinys<\/a><\/p><p><a href=\"https:\/\/kadg.lt\/wp-content\/uploads\/2025\/09\/2025-metu-I-ketvircio-biudzeto-vykdymo-ataskaitu-rinkinys.pdf\">2025 met\u0173 I ketvir\u010dio biud\u017eeto vykdymo ataskait\u0173 rinkinys<\/a><\/p>\t\t\t\t\t\t\t\t<\/div>\n\t\t\t\t<\/div>\n\t\t\t\t\t<\/div>\r\n\t\t\t\t<\/div>\r\n\t\t\t\t<div class=\"elementor-column elementor-col-50 elementor-top-column elementor-element elementor-element-a7a2990\" data-id=\"a7a2990\" data-element_type=\"column\">\r\n\t\t\t\t\t<div class=\"elementor-widget-wrap elementor-element-populated\">\r\n\t\t\t\t\t\t\t\t<div class=\"elementor-element elementor-element-2d137e5 elementor-widget elementor-widget-text-editor\" data-id=\"2d137e5\" data-element_type=\"widget\" data-widget_type=\"text-editor.default\">\n\t\t\t\t<div class=\"elementor-widget-container\">\n\t\t\t\t\t\t\t\t\t<p><a href=\"https:\/\/kadg.lt\/wp-content\/uploads\/2026\/03\/2025-metu-finansiniu-ataskaitu-rinkinys-1.pdf\">2025 met\u0173 finansini\u0173 ataskait\u0173 rinkinys<\/a><\/p><p><a href=\"https:\/\/kadg.lt\/wp-content\/uploads\/2025\/12\/2025-metu-III-ketvircio-finansiniu-ataskaitu-rinkinys.pdf\">2025 met\u0173 III ketvir\u010dio finansini\u0173 ataskait\u0173 rinkinys<\/a><\/p><p><a href=\"https:\/\/kadg.lt\/wp-content\/uploads\/2025\/09\/2025-metu-II-ketvircio-finansiniu-ataskaitu-rinkinys.pdf\">2025 met\u0173 II ketvir\u010dio finansini\u0173 ataskait\u0173 rinkinys<\/a><\/p><p><a href=\"https:\/\/kadg.lt\/wp-content\/uploads\/2025\/09\/2025-metu-I-ketvircio-finansiniu-ataskaitu-rinkinys.pdf\">2025 met\u0173 I ketvir\u010dio finansini\u0173 ataskait\u0173 rinkinys<\/a><\/p>\t\t\t\t\t\t\t\t<\/div>\n\t\t\t\t<\/div>\n\t\t\t\t\t<\/div>\r\n\t\t\t\t<\/div>\r\n\t\t\t\t\t<\/div>\r\n\t\t\t\t<\/section>\r\n\t\t\t\t<\/div>\n\t\t","protected":false},"excerpt":{"rendered":"<p>2025 m. metinis biud\u017eeto vykdymo ataskait\u0173 rinkinys 2025 met\u0173 III ketvir\u010dio biud\u017eeto vykdymo ataskait\u0173 rinkinys\u00a0 2025 met\u0173 II ketvir\u010dio biud\u017eeto vykdymo ataskait\u0173 rinkinys 2025 met\u0173 I ketvir\u010dio biud\u017eeto vykdymo ataskait\u0173 rinkinys 2025 met\u0173 finansini\u0173 ataskait\u0173 rinkinys 2025 met\u0173 III ketvir\u010dio finansini\u0173 ataskait\u0173 rinkinys 2025 met\u0173 II ketvir\u010dio finansini\u0173 ataskait\u0173 rinkinys 2025 met\u0173 I ketvir\u010dio finansini\u0173 [&hellip;]<\/p>\n","protected":false},"author":2,"featured_media":0,"parent":0,"menu_order":0,"comment_status":"closed","ping_status":"closed","template":"","meta":{"footnotes":""},"class_list":["post-7691","page","type-page","status-publish","hentry"],"_links":{"self":[{"href":"https:\/\/kadg.lt\/index.php\/wp-json\/wp\/v2\/pages\/7691","targetHints":{"allow":["GET"]}}],"collection":[{"href":"https:\/\/kadg.lt\/index.php\/wp-json\/wp\/v2\/pages"}],"about":[{"href":"https:\/\/kadg.lt\/index.php\/wp-json\/wp\/v2\/types\/page"}],"author":[{"embeddable":true,"href":"https:\/\/kadg.lt\/index.php\/wp-json\/wp\/v2\/users\/2"}],"replies":[{"embeddable":true,"href":"https:\/\/kadg.lt\/index.php\/wp-json\/wp\/v2\/comments?post=7691"}],"version-history":[{"count":16,"href":"https:\/\/kadg.lt\/index.php\/wp-json\/wp\/v2\/pages\/7691\/revisions"}],"predecessor-version":[{"id":8276,"href":"https:\/\/kadg.lt\/index.php\/wp-json\/wp\/v2\/pages\/7691\/revisions\/8276"}],"wp:attachment":[{"href":"https:\/\/kadg.lt\/index.php\/wp-json\/wp\/v2\/media?parent=7691"}],"curies":[{"name":"wp","href":"https:\/\/api.w.org\/{rel}","templated":true}]}}