{"id":7896,"date":"2025-11-21T12:16:43","date_gmt":"2025-11-21T09:16:43","guid":{"rendered":"https:\/\/kadg.lt\/?page_id=7896"},"modified":"2025-11-21T13:16:04","modified_gmt":"2025-11-21T10:16:04","slug":"kurybinis-mokiniu-konkursas-25","status":"publish","type":"page","link":"https:\/\/kadg.lt\/index.php\/kurybinis-mokiniu-konkursas-25\/","title":{"rendered":"K\u016brybinis mokini\u0173 konkursas&#8217; 25."},"content":{"rendered":"\t\t<div data-elementor-type=\"wp-page\" data-elementor-id=\"7896\" class=\"elementor elementor-7896\">\n\t\t\t\t\t\t<section class=\"elementor-section elementor-top-section elementor-element elementor-element-6a9f760 elementor-section-boxed elementor-section-height-default elementor-section-height-default\" data-id=\"6a9f760\" data-element_type=\"section\">\r\n\t\t\r\n\t\t\t\t\t\t\t<div class=\"elementor-container elementor-column-gap-default\">\r\n\t\t\t\t\t\t\t\t\t\t\t<div class=\"elementor-column elementor-col-100 elementor-top-column elementor-element elementor-element-b31ae77\" data-id=\"b31ae77\" data-element_type=\"column\">\r\n\t\t\t\t\t<div class=\"elementor-widget-wrap elementor-element-populated\">\r\n\t\t\t\t\t\t\t\t<div class=\"elementor-element elementor-element-53bcd60 elementor-widget elementor-widget-image\" data-id=\"53bcd60\" data-element_type=\"widget\" data-widget_type=\"image.default\">\n\t\t\t\t<div class=\"elementor-widget-container\">\n\t\t\t\t\t\t\t\t\t\t\t\t\t\t\t<img fetchpriority=\"high\" decoding=\"async\" width=\"1024\" height=\"459\" src=\"https:\/\/kadg.lt\/wp-content\/uploads\/2025\/11\/skl-1024x459.png\" class=\"attachment-large size-large wp-image-7900\" alt=\"\" srcset=\"https:\/\/kadg.lt\/wp-content\/uploads\/2025\/11\/skl-1024x459.png 1024w, https:\/\/kadg.lt\/wp-content\/uploads\/2025\/11\/skl-768x344.png 768w, https:\/\/kadg.lt\/wp-content\/uploads\/2025\/11\/skl-640x287.png 640w, https:\/\/kadg.lt\/wp-content\/uploads\/2025\/11\/skl-400x179.png 400w, https:\/\/kadg.lt\/wp-content\/uploads\/2025\/11\/skl-367x164.png 367w, https:\/\/kadg.lt\/wp-content\/uploads\/2025\/11\/skl-600x269.png 600w\" sizes=\"(max-width: 1024px) 100vw, 1024px\" \/>\t\t\t\t\t\t\t\t\t\t\t\t\t\t\t<\/div>\n\t\t\t\t<\/div>\n\t\t\t\t\t<\/div>\r\n\t\t\t\t<\/div>\r\n\t\t\t\t\t<\/div>\r\n\t\t\t\t<\/section>\r\n\t\t\t\t<section class=\"elementor-section elementor-top-section elementor-element elementor-element-23105bb elementor-section-boxed elementor-section-height-default elementor-section-height-default\" data-id=\"23105bb\" data-element_type=\"section\">\r\n\t\t\r\n\t\t\t\t\t\t\t<div class=\"elementor-container elementor-column-gap-default\">\r\n\t\t\t\t\t\t\t\t\t\t\t<div class=\"elementor-column elementor-col-100 elementor-top-column elementor-element elementor-element-348918d\" data-id=\"348918d\" data-element_type=\"column\">\r\n\t\t\t\t\t<div class=\"elementor-widget-wrap elementor-element-populated\">\r\n\t\t\t\t\t\t\t\t<div class=\"elementor-element elementor-element-ade4f1e elementor-widget elementor-widget-text-editor\" data-id=\"ade4f1e\" data-element_type=\"widget\" data-widget_type=\"text-editor.default\">\n\t\t\t\t<div class=\"elementor-widget-container\">\n\t\t\t\t\t\t\t\t\t<p><span style=\"font-size: 18px;\"><strong>Nacionalinis skaidrumo konkursas jau penktus metus kvie\u010dia kartu \u0161v\u0119sti art\u0117jan\u010di\u0105 Tarptautin\u0119 antikorupcijos dien\u0105!<\/strong><\/span><\/p><p><span style=\"font-size: 18px;\"><strong>Kauno dail\u0117s gimnazijoje dayvauja 8 ir 9<\/strong> klasi\u0173 mokiniai. K\u016brybin\u012f darb\u0105 kuravo mokytojai <strong>Marina Nenachova, Vitalija Zujevait\u0117, Mykolas Deveikis ir bibliotekinink\u0117 \u00a0Rasa Gabal\u0117<\/strong>.<\/span><\/p><p><span style=\"font-size: 18px;\">Iniciatyvos tikslas \u2013 ugdyti antikorupcines mokini\u0173 nuostatas, skatinti aktyviai dom\u0117tis savo, kaip pilie\u010dio, vaidmeniu, valstyb\u0117s ir pasaulio situacija, suprasti svarbiausius skaidrumo principus, kurie yra stiprios, teisingumu ir pasitik\u0117jimu gr\u012fstos valstyb\u0117s pagrindas.\u00a0<\/span><\/p>\t\t\t\t\t\t\t\t<\/div>\n\t\t\t\t<\/div>\n\t\t\t\t\t<\/div>\r\n\t\t\t\t<\/div>\r\n\t\t\t\t\t<\/div>\r\n\t\t\t\t<\/section>\r\n\t\t\t\t<section class=\"elementor-section elementor-top-section elementor-element elementor-element-9740b09 elementor-section-boxed elementor-section-height-default elementor-section-height-default\" data-id=\"9740b09\" data-element_type=\"section\">\r\n\t\t\r\n\t\t\t\t\t\t\t<div class=\"elementor-container elementor-column-gap-default\">\r\n\t\t\t\t\t\t\t\t\t\t\t<div class=\"elementor-column elementor-col-100 elementor-top-column elementor-element elementor-element-f4eaf7e\" data-id=\"f4eaf7e\" data-element_type=\"column\">\r\n\t\t\t\t\t<div class=\"elementor-widget-wrap elementor-element-populated\">\r\n\t\t\t\t\t\t\t\t<div class=\"elementor-element elementor-element-8533923 elementor-widget elementor-widget-image\" data-id=\"8533923\" data-element_type=\"widget\" data-widget_type=\"image.default\">\n\t\t\t\t<div class=\"elementor-widget-container\">\n\t\t\t\t\t\t\t\t\t\t\t\t\t\t\t<img decoding=\"async\" width=\"1024\" height=\"160\" src=\"https:\/\/kadg.lt\/wp-content\/uploads\/2025\/11\/benas-1024x160.png\" class=\"attachment-large size-large wp-image-7901\" alt=\"\" srcset=\"https:\/\/kadg.lt\/wp-content\/uploads\/2025\/11\/benas-1024x160.png 1024w, https:\/\/kadg.lt\/wp-content\/uploads\/2025\/11\/benas-768x120.png 768w, https:\/\/kadg.lt\/wp-content\/uploads\/2025\/11\/benas-640x100.png 640w, https:\/\/kadg.lt\/wp-content\/uploads\/2025\/11\/benas-400x63.png 400w, https:\/\/kadg.lt\/wp-content\/uploads\/2025\/11\/benas-367x57.png 367w, https:\/\/kadg.lt\/wp-content\/uploads\/2025\/11\/benas-600x94.png 600w\" sizes=\"(max-width: 1024px) 100vw, 1024px\" \/>\t\t\t\t\t\t\t\t\t\t\t\t\t\t\t<\/div>\n\t\t\t\t<\/div>\n\t\t\t\t\t<\/div>\r\n\t\t\t\t<\/div>\r\n\t\t\t\t\t<\/div>\r\n\t\t\t\t<\/section>\r\n\t\t\t\t<section class=\"elementor-section elementor-top-section elementor-element elementor-element-4bbd88e elementor-section-boxed elementor-section-height-default elementor-section-height-default\" data-id=\"4bbd88e\" data-element_type=\"section\">\r\n\t\t\r\n\t\t\t\t\t\t\t<div class=\"elementor-container elementor-column-gap-default\">\r\n\t\t\t\t\t\t\t\t\t\t\t<div class=\"elementor-column elementor-col-33 elementor-top-column elementor-element elementor-element-1e52ac1\" data-id=\"1e52ac1\" data-element_type=\"column\">\r\n\t\t\t\t\t<div class=\"elementor-widget-wrap elementor-element-populated\">\r\n\t\t\t\t\t\t\t\t<div class=\"elementor-element elementor-element-0859cab elementor-widget elementor-widget-image\" data-id=\"0859cab\" data-element_type=\"widget\" data-widget_type=\"image.default\">\n\t\t\t\t<div class=\"elementor-widget-container\">\n\t\t\t\t\t\t\t\t\t\t\t\t\t\t\t<img decoding=\"async\" width=\"724\" height=\"1024\" src=\"https:\/\/kadg.lt\/wp-content\/uploads\/2025\/11\/ko-724x1024.png\" class=\"attachment-large size-large wp-image-7904\" alt=\"\" srcset=\"https:\/\/kadg.lt\/wp-content\/uploads\/2025\/11\/ko-724x1024.png 724w, https:\/\/kadg.lt\/wp-content\/uploads\/2025\/11\/ko-640x905.png 640w, https:\/\/kadg.lt\/wp-content\/uploads\/2025\/11\/ko-400x566.png 400w, https:\/\/kadg.lt\/wp-content\/uploads\/2025\/11\/ko-367x519.png 367w, https:\/\/kadg.lt\/wp-content\/uploads\/2025\/11\/ko-600x849.png 600w\" sizes=\"(max-width: 724px) 100vw, 724px\" \/>\t\t\t\t\t\t\t\t\t\t\t\t\t\t\t<\/div>\n\t\t\t\t<\/div>\n\t\t\t\t\t<\/div>\r\n\t\t\t\t<\/div>\r\n\t\t\t\t<div class=\"elementor-column elementor-col-33 elementor-top-column elementor-element elementor-element-7724b02\" data-id=\"7724b02\" data-element_type=\"column\">\r\n\t\t\t\t\t<div class=\"elementor-widget-wrap elementor-element-populated\">\r\n\t\t\t\t\t\t\t\t<div class=\"elementor-element elementor-element-ee26627 elementor-widget elementor-widget-image\" data-id=\"ee26627\" data-element_type=\"widget\" data-widget_type=\"image.default\">\n\t\t\t\t<div class=\"elementor-widget-container\">\n\t\t\t\t\t\t\t\t\t\t\t\t\t\t\t<img loading=\"lazy\" decoding=\"async\" width=\"724\" height=\"1024\" src=\"https:\/\/kadg.lt\/wp-content\/uploads\/2025\/11\/kor2-724x1024.jpg\" class=\"attachment-large size-large wp-image-7903\" alt=\"\" srcset=\"https:\/\/kadg.lt\/wp-content\/uploads\/2025\/11\/kor2-724x1024.jpg 724w, https:\/\/kadg.lt\/wp-content\/uploads\/2025\/11\/kor2-640x905.jpg 640w, https:\/\/kadg.lt\/wp-content\/uploads\/2025\/11\/kor2-400x566.jpg 400w, https:\/\/kadg.lt\/wp-content\/uploads\/2025\/11\/kor2-367x519.jpg 367w, https:\/\/kadg.lt\/wp-content\/uploads\/2025\/11\/kor2-600x849.jpg 600w\" sizes=\"(max-width: 724px) 100vw, 724px\" \/>\t\t\t\t\t\t\t\t\t\t\t\t\t\t\t<\/div>\n\t\t\t\t<\/div>\n\t\t\t\t\t<\/div>\r\n\t\t\t\t<\/div>\r\n\t\t\t\t<div class=\"elementor-column elementor-col-33 elementor-top-column elementor-element elementor-element-2bced85\" data-id=\"2bced85\" data-element_type=\"column\">\r\n\t\t\t\t\t<div class=\"elementor-widget-wrap elementor-element-populated\">\r\n\t\t\t\t\t\t\t\t<div class=\"elementor-element elementor-element-2ccc7f9 elementor-widget elementor-widget-image\" data-id=\"2ccc7f9\" data-element_type=\"widget\" data-widget_type=\"image.default\">\n\t\t\t\t<div class=\"elementor-widget-container\">\n\t\t\t\t\t\t\t\t\t\t\t\t\t\t\t<img loading=\"lazy\" decoding=\"async\" width=\"724\" height=\"1024\" src=\"https:\/\/kadg.lt\/wp-content\/uploads\/2025\/11\/kor3-724x1024.jpg\" class=\"attachment-large size-large wp-image-7902\" alt=\"\" srcset=\"https:\/\/kadg.lt\/wp-content\/uploads\/2025\/11\/kor3-724x1024.jpg 724w, https:\/\/kadg.lt\/wp-content\/uploads\/2025\/11\/kor3-640x905.jpg 640w, https:\/\/kadg.lt\/wp-content\/uploads\/2025\/11\/kor3-400x566.jpg 400w, https:\/\/kadg.lt\/wp-content\/uploads\/2025\/11\/kor3-367x519.jpg 367w, https:\/\/kadg.lt\/wp-content\/uploads\/2025\/11\/kor3-600x849.jpg 600w\" sizes=\"(max-width: 724px) 100vw, 724px\" \/>\t\t\t\t\t\t\t\t\t\t\t\t\t\t\t<\/div>\n\t\t\t\t<\/div>\n\t\t\t\t\t<\/div>\r\n\t\t\t\t<\/div>\r\n\t\t\t\t\t<\/div>\r\n\t\t\t\t<\/section>\r\n\t\t\t\t<section class=\"elementor-section elementor-top-section elementor-element elementor-element-f33ad90 elementor-section-boxed elementor-section-height-default elementor-section-height-default\" data-id=\"f33ad90\" data-element_type=\"section\">\r\n\t\t\r\n\t\t\t\t\t\t\t<div class=\"elementor-container elementor-column-gap-default\">\r\n\t\t\t\t\t\t\t\t\t\t\t<div class=\"elementor-column elementor-col-100 elementor-top-column elementor-element elementor-element-4d4a4f4\" data-id=\"4d4a4f4\" data-element_type=\"column\">\r\n\t\t\t\t\t<div class=\"elementor-widget-wrap elementor-element-populated\">\r\n\t\t\t\t\t\t\t\t<div class=\"elementor-element elementor-element-c2b76f2 elementor-widget elementor-widget-image\" data-id=\"c2b76f2\" data-element_type=\"widget\" data-widget_type=\"image.default\">\n\t\t\t\t<div class=\"elementor-widget-container\">\n\t\t\t\t\t\t\t\t\t\t\t\t\t\t\t<img loading=\"lazy\" decoding=\"async\" width=\"596\" height=\"843\" src=\"https:\/\/kadg.lt\/wp-content\/uploads\/2025\/11\/page_1.png\" class=\"attachment-large size-large wp-image-7908\" alt=\"\" srcset=\"https:\/\/kadg.lt\/wp-content\/uploads\/2025\/11\/page_1.png 596w, https:\/\/kadg.lt\/wp-content\/uploads\/2025\/11\/page_1-400x566.png 400w, https:\/\/kadg.lt\/wp-content\/uploads\/2025\/11\/page_1-367x519.png 367w\" sizes=\"(max-width: 596px) 100vw, 596px\" \/>\t\t\t\t\t\t\t\t\t\t\t\t\t\t\t<\/div>\n\t\t\t\t<\/div>\n\t\t\t\t\t<\/div>\r\n\t\t\t\t<\/div>\r\n\t\t\t\t\t<\/div>\r\n\t\t\t\t<\/section>\r\n\t\t\t\t<\/div>\n\t\t","protected":false},"excerpt":{"rendered":"<p>Nacionalinis skaidrumo konkursas jau penktus metus kvie\u010dia kartu \u0161v\u0119sti art\u0117jan\u010di\u0105 Tarptautin\u0119 antikorupcijos dien\u0105! Kauno dail\u0117s gimnazijoje dayvauja 8 ir 9 klasi\u0173 mokiniai. K\u016brybin\u012f darb\u0105 kuravo mokytojai Marina Nenachova, Vitalija Zujevait\u0117, Mykolas Deveikis ir bibliotekinink\u0117 \u00a0Rasa Gabal\u0117. Iniciatyvos tikslas \u2013 ugdyti antikorupcines mokini\u0173 nuostatas, skatinti aktyviai dom\u0117tis savo, kaip pilie\u010dio, vaidmeniu, valstyb\u0117s ir pasaulio situacija, suprasti [&hellip;]<\/p>\n","protected":false},"author":2,"featured_media":0,"parent":0,"menu_order":0,"comment_status":"closed","ping_status":"closed","template":"","meta":{"footnotes":""},"class_list":["post-7896","page","type-page","status-publish","hentry"],"_links":{"self":[{"href":"https:\/\/kadg.lt\/index.php\/wp-json\/wp\/v2\/pages\/7896","targetHints":{"allow":["GET"]}}],"collection":[{"href":"https:\/\/kadg.lt\/index.php\/wp-json\/wp\/v2\/pages"}],"about":[{"href":"https:\/\/kadg.lt\/index.php\/wp-json\/wp\/v2\/types\/page"}],"author":[{"embeddable":true,"href":"https:\/\/kadg.lt\/index.php\/wp-json\/wp\/v2\/users\/2"}],"replies":[{"embeddable":true,"href":"https:\/\/kadg.lt\/index.php\/wp-json\/wp\/v2\/comments?post=7896"}],"version-history":[{"count":7,"href":"https:\/\/kadg.lt\/index.php\/wp-json\/wp\/v2\/pages\/7896\/revisions"}],"predecessor-version":[{"id":7911,"href":"https:\/\/kadg.lt\/index.php\/wp-json\/wp\/v2\/pages\/7896\/revisions\/7911"}],"wp:attachment":[{"href":"https:\/\/kadg.lt\/index.php\/wp-json\/wp\/v2\/media?parent=7896"}],"curies":[{"name":"wp","href":"https:\/\/api.w.org\/{rel}","templated":true}]}}