{"id":8178,"date":"2026-02-18T14:49:09","date_gmt":"2026-02-18T11:49:09","guid":{"rendered":"https:\/\/kadg.lt\/?page_id=8178"},"modified":"2026-02-19T12:24:08","modified_gmt":"2026-02-19T09:24:08","slug":"patikrinimu-ir-vbe-rezultatai","status":"publish","type":"page","link":"https:\/\/kadg.lt\/index.php\/patikrinimu-ir-vbe-rezultatai\/","title":{"rendered":"Patikrinim\u0173 ir VBE rezultatai"},"content":{"rendered":"\t\t<div data-elementor-type=\"wp-page\" data-elementor-id=\"8178\" class=\"elementor elementor-8178\">\n\t\t\t\t\t\t<section class=\"elementor-section elementor-top-section elementor-element elementor-element-8370567 elementor-section-boxed elementor-section-height-default elementor-section-height-default\" data-id=\"8370567\" data-element_type=\"section\">\r\n\t\t\r\n\t\t\t\t\t\t\t<div class=\"elementor-container elementor-column-gap-default\">\r\n\t\t\t\t\t\t\t\t\t\t\t<div class=\"elementor-column elementor-col-50 elementor-top-column elementor-element elementor-element-300e0b1\" data-id=\"300e0b1\" data-element_type=\"column\">\r\n\t\t\t\t\t<div class=\"elementor-widget-wrap elementor-element-populated\">\r\n\t\t\t\t\t\t\t\t<div class=\"elementor-element elementor-element-58afd2f elementor-widget elementor-widget-text-editor\" data-id=\"58afd2f\" data-element_type=\"widget\" data-widget_type=\"text-editor.default\">\n\t\t\t\t<div class=\"elementor-widget-container\">\n\t\t\t\t\t\t\t\t\t<p><a href=\"https:\/\/kadg.lt\/wp-content\/uploads\/2026\/02\/2024-2025-m.m.-PUPP-detalioji-ataskaita.pdf\"><span style=\"font-size: 18px;\">2024-2025 m.m. PUPP detalioji ataskaita<\/span><\/a><\/p>\t\t\t\t\t\t\t\t<\/div>\n\t\t\t\t<\/div>\n\t\t\t\t\t<\/div>\r\n\t\t\t\t<\/div>\r\n\t\t\t\t<div class=\"elementor-column elementor-col-50 elementor-top-column elementor-element elementor-element-6e6d583\" data-id=\"6e6d583\" data-element_type=\"column\">\r\n\t\t\t\t\t<div class=\"elementor-widget-wrap elementor-element-populated\">\r\n\t\t\t\t\t\t\t\t<div class=\"elementor-element elementor-element-420dae6 elementor-widget elementor-widget-text-editor\" data-id=\"420dae6\" data-element_type=\"widget\" data-widget_type=\"text-editor.default\">\n\t\t\t\t<div class=\"elementor-widget-container\">\n\t\t\t\t\t\t\t\t\t<p><a href=\"https:\/\/kadg.lt\/wp-content\/uploads\/2026\/02\/2025-m.-Valstybiniu-Brandos-egzaminu-rezultatu-lyginamoji-analize.pdf\"><span style=\"font-size: 18px;\">2025 m. Valstybini\u0173 Brandos egzamin\u0173 rezultat\u0173 lyginamoji analiz\u0117<\/span><\/a><\/p>\t\t\t\t\t\t\t\t<\/div>\n\t\t\t\t<\/div>\n\t\t\t\t\t<\/div>\r\n\t\t\t\t<\/div>\r\n\t\t\t\t\t<\/div>\r\n\t\t\t\t<\/section>\r\n\t\t\t\t<\/div>\n\t\t","protected":false},"excerpt":{"rendered":"<p>2024-2025 m.m. PUPP detalioji ataskaita 2025 m. Valstybini\u0173 Brandos egzamin\u0173 rezultat\u0173 lyginamoji analiz\u0117<\/p>\n","protected":false},"author":2,"featured_media":0,"parent":0,"menu_order":0,"comment_status":"closed","ping_status":"closed","template":"","meta":{"footnotes":""},"class_list":["post-8178","page","type-page","status-publish","hentry"],"_links":{"self":[{"href":"https:\/\/kadg.lt\/index.php\/wp-json\/wp\/v2\/pages\/8178","targetHints":{"allow":["GET"]}}],"collection":[{"href":"https:\/\/kadg.lt\/index.php\/wp-json\/wp\/v2\/pages"}],"about":[{"href":"https:\/\/kadg.lt\/index.php\/wp-json\/wp\/v2\/types\/page"}],"author":[{"embeddable":true,"href":"https:\/\/kadg.lt\/index.php\/wp-json\/wp\/v2\/users\/2"}],"replies":[{"embeddable":true,"href":"https:\/\/kadg.lt\/index.php\/wp-json\/wp\/v2\/comments?post=8178"}],"version-history":[{"count":4,"href":"https:\/\/kadg.lt\/index.php\/wp-json\/wp\/v2\/pages\/8178\/revisions"}],"predecessor-version":[{"id":8199,"href":"https:\/\/kadg.lt\/index.php\/wp-json\/wp\/v2\/pages\/8178\/revisions\/8199"}],"wp:attachment":[{"href":"https:\/\/kadg.lt\/index.php\/wp-json\/wp\/v2\/media?parent=8178"}],"curies":[{"name":"wp","href":"https:\/\/api.w.org\/{rel}","templated":true}]}}