{"id":828,"date":"2021-05-19T10:31:54","date_gmt":"2021-05-19T07:31:54","guid":{"rendered":"http:\/\/kadg.lt\/?page_id=828"},"modified":"2026-04-07T10:01:54","modified_gmt":"2026-04-07T07:01:54","slug":"parama-gimnazijai","status":"publish","type":"page","link":"https:\/\/kadg.lt\/index.php\/parama-gimnazijai\/","title":{"rendered":"Parama gimnazijai"},"content":{"rendered":"\t\t<div data-elementor-type=\"wp-page\" data-elementor-id=\"828\" class=\"elementor elementor-828\">\n\t\t\t\t\t\t<section class=\"elementor-section elementor-top-section elementor-element elementor-element-7186b63 elementor-section-boxed elementor-section-height-default elementor-section-height-default\" data-id=\"7186b63\" data-element_type=\"section\">\r\n\t\t\r\n\t\t\t\t\t\t\t<div class=\"elementor-container elementor-column-gap-default\">\r\n\t\t\t\t\t\t\t\t\t\t\t<div class=\"elementor-column elementor-col-100 elementor-top-column elementor-element elementor-element-349f1a9\" data-id=\"349f1a9\" data-element_type=\"column\">\r\n\t\t\t\t\t<div class=\"elementor-widget-wrap elementor-element-populated\">\r\n\t\t\t\t\t\t\t\t<div class=\"elementor-element elementor-element-c0f6859 elementor-widget elementor-widget-text-editor\" data-id=\"c0f6859\" data-element_type=\"widget\" data-widget_type=\"text-editor.default\">\n\t\t\t\t<div class=\"elementor-widget-container\">\n\t\t\t\t\t\t\t\t\t<header class=\"article-header clearfix\"><h1 class=\"article-title\"><a title=\"Parama\" href=\"https:\/\/www.kadg.lt\/apie\/projektai\/14-skelbimai\/32-parama\"> Parama<\/a><\/h1><\/header><section class=\"article-content clearfix\"><p>Nuo\u0161ird\u017eiai d\u0117kojame Jums, kad kiekvienais metais pagal galimybes remiate m\u016bs\u0173 gimnazij\u0105, skirdami\u00a0 \u2013 1,2 proc., gyventoj\u0173 pajam\u0173 mokes\u010dio.<br \/>Materialin\u0117 parama mums labai reikalinga. J\u016bs\u0173 d\u0117ka gimnazija tampa saugesn\u0117, patrauklesn\u0117, labiau atitinkan\u010dia visuomen\u0117s, t\u0117v\u0173, mokini\u0173 l\u016bkes\u010dius.<br \/>Gautos paramos l\u0117\u0161os yra tikslingai naudojamos gimnazijos ugdymo(si) baz\u0117s turtinimui, aplinkos k\u016brimui bei gra\u017einimui.<br \/>Tik\u0117damiesi J\u016bs\u0173 supratimo ir paramos kreipiam\u0117s \u012f Jus ir v\u0117l kvie\u010diame skirti u\u017e 2025 m. 1,2 procento pajam\u0173 mokes\u010dio <strong>Kauno apskrities dail\u0117s gimnazijos t\u0117v\u0173 asociacijai.<\/strong><br \/>Nutar\u0119 \u0161i\u0105 param\u0105 skirti mokyklai, J\u016bs galite iki 2026 m. gegu\u017e\u0117s 1 d. tai padaryti asmeni\u0161kai u\u017epild\u0119 specialios formos FR0512 pra\u0161ym\u0105 ir pateik\u0119 j\u012f elektroniniu b\u016bdu per Valstybin\u0117s mokes\u010di\u0173 inspekcijos (toliau VMI) Elektroninio deklaravimo sistem\u0105 (toliau \u2013 EDS).<br \/>Rekvizitai 1,2 procent\u0173 paramai skirti:<br \/>Paramos gav\u0117jo identifikacinis numeris (kodas) \u2013 302726045<br \/>Paramos gav\u0117jo pavadinimas \u2013 Kauno apskrities dail\u0117s gimnazijos t\u0117v\u0173 asociacija<br \/>Primename, kad \u0161i\u0105 param\u0105 J\u016bs galite skirti iki 2026 m. gegu\u017e\u0117s 1 dienos.<\/p><p><strong>I\u0161 anksto d\u0117kojame u\u017e J\u016bs\u0173 param\u0105 ir r\u016bpest\u012f. <\/strong><\/p><p>Gimnazijos administracija<\/p><\/section>\t\t\t\t\t\t\t\t<\/div>\n\t\t\t\t<\/div>\n\t\t\t\t\t<\/div>\r\n\t\t\t\t<\/div>\r\n\t\t\t\t\t<\/div>\r\n\t\t\t\t<\/section>\r\n\t\t\t\t<\/div>\n\t\t","protected":false},"excerpt":{"rendered":"<p>Parama Nuo\u0161ird\u017eiai d\u0117kojame Jums, kad kiekvienais metais pagal galimybes remiate m\u016bs\u0173 gimnazij\u0105, skirdami\u00a0 \u2013 1,2 proc., gyventoj\u0173 pajam\u0173 mokes\u010dio.Materialin\u0117 parama mums labai reikalinga. J\u016bs\u0173 d\u0117ka gimnazija tampa saugesn\u0117, patrauklesn\u0117, labiau atitinkan\u010dia visuomen\u0117s, t\u0117v\u0173, mokini\u0173 l\u016bkes\u010dius.Gautos paramos l\u0117\u0161os yra tikslingai naudojamos gimnazijos ugdymo(si) baz\u0117s turtinimui, aplinkos k\u016brimui bei gra\u017einimui.Tik\u0117damiesi J\u016bs\u0173 supratimo ir paramos kreipiam\u0117s \u012f Jus [&hellip;]<\/p>\n","protected":false},"author":2,"featured_media":0,"parent":0,"menu_order":0,"comment_status":"closed","ping_status":"closed","template":"","meta":{"footnotes":""},"class_list":["post-828","page","type-page","status-publish","hentry"],"_links":{"self":[{"href":"https:\/\/kadg.lt\/index.php\/wp-json\/wp\/v2\/pages\/828","targetHints":{"allow":["GET"]}}],"collection":[{"href":"https:\/\/kadg.lt\/index.php\/wp-json\/wp\/v2\/pages"}],"about":[{"href":"https:\/\/kadg.lt\/index.php\/wp-json\/wp\/v2\/types\/page"}],"author":[{"embeddable":true,"href":"https:\/\/kadg.lt\/index.php\/wp-json\/wp\/v2\/users\/2"}],"replies":[{"embeddable":true,"href":"https:\/\/kadg.lt\/index.php\/wp-json\/wp\/v2\/comments?post=828"}],"version-history":[{"count":22,"href":"https:\/\/kadg.lt\/index.php\/wp-json\/wp\/v2\/pages\/828\/revisions"}],"predecessor-version":[{"id":8335,"href":"https:\/\/kadg.lt\/index.php\/wp-json\/wp\/v2\/pages\/828\/revisions\/8335"}],"wp:attachment":[{"href":"https:\/\/kadg.lt\/index.php\/wp-json\/wp\/v2\/media?parent=828"}],"curies":[{"name":"wp","href":"https:\/\/api.w.org\/{rel}","templated":true}]}}