{"id":8346,"date":"2026-04-17T11:08:32","date_gmt":"2026-04-17T08:08:32","guid":{"rendered":"https:\/\/kadg.lt\/?page_id=8346"},"modified":"2026-04-17T11:17:37","modified_gmt":"2026-04-17T08:17:37","slug":"kauno-dailes-gimnazijai-80","status":"publish","type":"page","link":"https:\/\/kadg.lt\/index.php\/kauno-dailes-gimnazijai-80\/","title":{"rendered":"Kauno dail\u0117s gimnazijai 80"},"content":{"rendered":"\t\t<div data-elementor-type=\"wp-page\" data-elementor-id=\"8346\" class=\"elementor elementor-8346\">\n\t\t\t\t\t\t<section class=\"elementor-section elementor-top-section elementor-element elementor-element-ee10e42 elementor-section-boxed elementor-section-height-default elementor-section-height-default\" data-id=\"ee10e42\" data-element_type=\"section\">\r\n\t\t\r\n\t\t\t\t\t\t\t<div class=\"elementor-container elementor-column-gap-default\">\r\n\t\t\t\t\t\t\t\t\t\t\t<div class=\"elementor-column elementor-col-100 elementor-top-column elementor-element elementor-element-311ebb8\" data-id=\"311ebb8\" data-element_type=\"column\">\r\n\t\t\t\t\t<div class=\"elementor-widget-wrap elementor-element-populated\">\r\n\t\t\t\t\t\t\t\t\t<\/div>\r\n\t\t\t\t<\/div>\r\n\t\t\t\t\t<\/div>\r\n\t\t\t\t<\/section>\r\n\t\t\t\t<section class=\"elementor-section elementor-top-section elementor-element elementor-element-4cfe74a elementor-section-boxed elementor-section-height-default elementor-section-height-default\" data-id=\"4cfe74a\" data-element_type=\"section\">\r\n\t\t\r\n\t\t\t\t\t\t\t<div class=\"elementor-container elementor-column-gap-default\">\r\n\t\t\t\t\t\t\t\t\t\t\t<div class=\"elementor-column elementor-col-100 elementor-top-column elementor-element elementor-element-7673ae4\" data-id=\"7673ae4\" data-element_type=\"column\">\r\n\t\t\t\t\t<div class=\"elementor-widget-wrap elementor-element-populated\">\r\n\t\t\t\t\t\t\t\t<div class=\"elementor-element elementor-element-9f3025a elementor-widget elementor-widget-text-editor\" data-id=\"9f3025a\" data-element_type=\"widget\" data-widget_type=\"text-editor.default\">\n\t\t\t\t<div class=\"elementor-widget-container\">\n\t\t\t\t\t\t\t\t\t<p class=\"x_MsoNormal\" align=\"center\"><em><span style=\"font-size: 20px; color: #800000;\"><b>KAUNO DAIL\u0116S GIMNAZIJAI \u00a0<\/b><b>80<\/b><\/span><\/em><\/p><p class=\"x_MsoNormal\"><em><span style=\"font-family: times new roman, times, serif; font-size: 20px;\">2026 metais Kauno dail\u0117s gimnazija \u0161ven\u010dia 80 met\u0173 jubiliej\u0173 \u2013 did\u017eiuojasi praeitimi, d\u017eiaugiasi dabartimi ir kuria ateities vizijas. Ta proga rengiame dail\u0117s darb\u0173 parodas ir\u00a0kvie\u010diame miesto gyventojus ir sve\u010dius akimirkai sustoti, pajusti m\u016bs\u0173 kasdienyb\u0117s spalvas, \u00a0pasid\u017eiaugti meniniais pasiekimais ir kartu \u0161v\u0119sti Kauno dail\u0117s gimnazijos 80 met\u0173 jubiliej\u0173.<\/span><\/em><\/p>\t\t\t\t\t\t\t\t<\/div>\n\t\t\t\t<\/div>\n\t\t\t\t\t<\/div>\r\n\t\t\t\t<\/div>\r\n\t\t\t\t\t<\/div>\r\n\t\t\t\t<\/section>\r\n\t\t\t\t<section class=\"elementor-section elementor-top-section elementor-element elementor-element-bbf8a99 elementor-section-boxed elementor-section-height-default elementor-section-height-default\" data-id=\"bbf8a99\" data-element_type=\"section\">\r\n\t\t\r\n\t\t\t\t\t\t\t<div class=\"elementor-container elementor-column-gap-default\">\r\n\t\t\t\t\t\t\t\t\t\t\t<div class=\"elementor-column elementor-col-100 elementor-top-column elementor-element elementor-element-dcd8b86\" data-id=\"dcd8b86\" data-element_type=\"column\">\r\n\t\t\t\t\t<div class=\"elementor-widget-wrap elementor-element-populated\">\r\n\t\t\t\t\t\t\t\t<div class=\"elementor-element elementor-element-5de375e elementor-widget elementor-widget-text-editor\" data-id=\"5de375e\" data-element_type=\"widget\" data-widget_type=\"text-editor.default\">\n\t\t\t\t<div class=\"elementor-widget-container\">\n\t\t\t\t\t\t\t\t\t<p style=\"text-align: center;\"><strong><span style=\"font-size: 18px; color: #800000;\">Parodos, skirtos Gimnazijos 80 &#8211; me\u010diui:<\/span><\/strong><\/p><table width=\"1030\"><tbody><tr><td width=\"284\"><p>Kauno \u0161vietimo inovacij\u0173 centras<\/p><p>Vytauto per. 44<\/p><\/td><td width=\"491\"><p>\u201eSUSILIEJANTYS PASAULIAI\u201c<br \/>10 \u2013 12 kl. retrospektyvin\u0117 akvarel\u0117s paroda.<\/p><\/td><td width=\"255\"><p>Kovas\u00a0 9 \u2013 31 d.<br \/><br \/><\/p><\/td><\/tr><tr><td width=\"284\"><p>INIT klient\u0173 aptarnavimo centras<br \/>Laisv\u0117s al. 30 A<\/p><\/td><td width=\"491\"><p>\u201eKOMPOZICIJOS\u201c 5 \u2013 7 klas\u0117s darbai.<\/p><\/td><td width=\"255\"><p>Kovas &#8211; liepa<\/p><\/td><\/tr><tr><td width=\"284\"><p>Laisv\u0117s al. (prie Fontano S.Daukanto g.)<\/p><\/td><td width=\"491\"><p>Nuotrauk\u0173 paroda \u201eKauno dail\u0117s gimnazijai 80\u201c<\/p><\/td><td width=\"255\"><p>Balandis &#8211; gegu\u017e\u0117<\/p><\/td><\/tr><tr><td width=\"284\"><p>\u0104\u017euolyno biblioteka<br \/>Radast\u0173 g. 2<\/p><p>\u00a0<\/p><\/td><td width=\"491\"><p>2026 m. laidos absolvent\u0173 baigiamieji k\u016brybiniai darbai.<\/p><\/td><td width=\"255\"><p>Gegu\u017e\u0117s 4 \u2013 29 d.<\/p><\/td><\/tr><tr><td width=\"284\"><p>Kauno kult\u016bros centras<br \/>Vytauto per. 79<\/p><\/td><td width=\"491\"><p>\u201ePASIRINKIMAI\u201c<br \/>Tapybos baigiamieji k\u016brybiniai darbai.<\/p><\/td><td width=\"255\"><p>Gegu\u017e\u0117s 7 d. \u2013 bir\u017eelio 7 d.<br \/><br \/><\/p><\/td><\/tr><tr><td width=\"284\"><p>Kauno kolegijos biblioteka <br \/>Pramon\u0117s pr. 20<\/p><\/td><td width=\"491\"><p>10 \u2013 12 kl. ap\u017evalgin\u0117 pie\u0161imo paroda.<\/p><\/td><td width=\"255\"><p>Bir\u017eelis &#8211; liepa<\/p><\/td><\/tr><tr><td width=\"284\"><p>Dainavos biblioteka<br \/>Savanori\u0173 pr. 377<\/p><\/td><td width=\"491\"><p>\u201eSUSILIEJANTYS PASAULIAI\u201c<br \/>10 \u2013 12 kl. akvarel\u0117s paroda.<\/p><\/td><td width=\"255\"><p>Liepa &#8211; rugpj\u016btis<\/p><\/td><\/tr><tr><td width=\"284\"><p>Kauno l\u0117li\u0173 teatras<br \/>Laisv\u0117s al. 87 A<\/p><\/td><td width=\"491\"><p>5 \u2013 7 kl. dail\u0117s rai\u0161kos darb\u0173 paroda.<\/p><p>\u00a0<\/p><\/td><td width=\"255\"><p>Rugs\u0117jis &#8211; spalis<\/p><\/td><\/tr><tr><td width=\"284\"><p>Kauno Valstybin\u0117 Filharmonija<\/p><p>O\u017ee\u0161kien\u0117s g. 12<\/p><\/td><td width=\"491\"><p>Kauno dail\u0117s gimnazijos mokytoj\u0173 darb\u0173 paroda<\/p><\/td><td width=\"255\"><p>Spalio m\u0117n.<\/p><\/td><\/tr><tr><td width=\"284\"><p>Pel\u0117d\u0173 kalno galerija<br \/>A. Mackevi\u010diaus g. 27<\/p><p>\u00a0<\/p><\/td><td width=\"491\"><p>\u201eGRAFIKA PER DE\u0160IMTME\u010cIUS\u201c<\/p><p>10 \u2013 12 kl. retrospektyvin\u0117 grafikos darb\u0173 paroda <br \/>i\u0161 Kauno dail\u0117s\u00a0 gimnazijos fond\u0173.<\/p><\/td><td width=\"255\"><p>Spalio 1 \u2013 31 d.<br \/><br \/><\/p><\/td><\/tr><tr><td width=\"284\"><p>T. Ivanausko zoologijos muziejus<br \/>Laisv\u0117s al. 106<\/p><\/td><td width=\"491\"><p>\u201eGAMTOS FORMOS\u201c<br \/>5 \u2013 9 kl. darbai gamtos tema.<\/p><\/td><td width=\"255\"><p>Spalio 5 d.- lapkri\u010dio 9 d.<\/p><\/td><\/tr><tr><td width=\"284\"><p>Kauno \u0161vietimo inovacij\u0173 centras<\/p><p>Vytauto per 44<\/p><p>\u00a0<\/p><\/td><td width=\"491\"><p>\u201eGRAFIKA PER DE\u0160IMTME\u010cIUS\u201c<\/p><p>10 \u2013 12 kl. retrospektyvin\u0117 grafikos darb\u0173 paroda <br \/>i\u0161 Kauno dail\u0117s gimnazijos fond\u0173.<\/p><\/td><td width=\"255\"><p>Lapkritis 3 \u2013 30 d.<\/p><\/td><\/tr><tr><td width=\"284\"><p>Kauno Kalnie\u010di\u0173 poliklinika<br \/>Savanori\u0173 pr. 369<\/p><\/td><td width=\"491\"><p>7 kl. kompozicijos<br \/>Tapybos ir grafikos k\u016brybiniai baigiamieji darbai.<\/p><\/td><td width=\"255\"><p>\u00a0<\/p><\/td><\/tr><tr><td width=\"284\"><p>Kauno pedagogin\u0117 psichologin\u0117 tarnyba,\u00a0 Apuol\u0117s g. 11<\/p><\/td><td width=\"491\"><p>\u201eKAUNO ETIUDAI\u201c <br \/>8 \u2013 10 kl. vasaros k\u016brybini\u0173 plener\u0173 darbai.<\/p><\/td><td width=\"255\"><p>\u00a0<\/p><\/td><\/tr><\/tbody><\/table>\t\t\t\t\t\t\t\t<\/div>\n\t\t\t\t<\/div>\n\t\t\t\t\t<\/div>\r\n\t\t\t\t<\/div>\r\n\t\t\t\t\t<\/div>\r\n\t\t\t\t<\/section>\r\n\t\t\t\t<\/div>\n\t\t","protected":false},"excerpt":{"rendered":"<p>KAUNO DAIL\u0116S GIMNAZIJAI \u00a080 2026 metais Kauno dail\u0117s gimnazija \u0161ven\u010dia 80 met\u0173 jubiliej\u0173 \u2013 did\u017eiuojasi praeitimi, d\u017eiaugiasi dabartimi ir kuria ateities vizijas. Ta proga rengiame dail\u0117s darb\u0173 parodas ir\u00a0kvie\u010diame miesto gyventojus ir sve\u010dius akimirkai sustoti, pajusti m\u016bs\u0173 kasdienyb\u0117s spalvas, \u00a0pasid\u017eiaugti meniniais pasiekimais ir kartu \u0161v\u0119sti Kauno dail\u0117s gimnazijos 80 met\u0173 jubiliej\u0173. Parodos, skirtos Gimnazijos 80 [&hellip;]<\/p>\n","protected":false},"author":2,"featured_media":0,"parent":0,"menu_order":0,"comment_status":"closed","ping_status":"closed","template":"","meta":{"footnotes":""},"class_list":["post-8346","page","type-page","status-publish","hentry"],"_links":{"self":[{"href":"https:\/\/kadg.lt\/index.php\/wp-json\/wp\/v2\/pages\/8346","targetHints":{"allow":["GET"]}}],"collection":[{"href":"https:\/\/kadg.lt\/index.php\/wp-json\/wp\/v2\/pages"}],"about":[{"href":"https:\/\/kadg.lt\/index.php\/wp-json\/wp\/v2\/types\/page"}],"author":[{"embeddable":true,"href":"https:\/\/kadg.lt\/index.php\/wp-json\/wp\/v2\/users\/2"}],"replies":[{"embeddable":true,"href":"https:\/\/kadg.lt\/index.php\/wp-json\/wp\/v2\/comments?post=8346"}],"version-history":[{"count":4,"href":"https:\/\/kadg.lt\/index.php\/wp-json\/wp\/v2\/pages\/8346\/revisions"}],"predecessor-version":[{"id":8351,"href":"https:\/\/kadg.lt\/index.php\/wp-json\/wp\/v2\/pages\/8346\/revisions\/8351"}],"wp:attachment":[{"href":"https:\/\/kadg.lt\/index.php\/wp-json\/wp\/v2\/media?parent=8346"}],"curies":[{"name":"wp","href":"https:\/\/api.w.org\/{rel}","templated":true}]}}